= -2*w - x + 3. Let b(j) = 2 + 4 + 3 + 2*j - 1. Calculate b(w).
-4
Let o(j) = -13*j + 33. Let d(z) = 6*z - 3. Let r(m) = -d(m) - o(m). Determine r(6).
12
Let t = 181 + -146. Suppose t*d - 20*d = 0. Let s(g) = -g**3 + 3*g**2 - 4*g**2 + 3 - 3*g + 4*g. Determine s(d).
3
Let x be 39/((-24)/(-20 - -12)). Let h(o) = o**2 - 9*o - 21. Calculate h(x).
31
Suppose 15409*c = 15428*c. Let m(r) be the third derivative of c*r + 0 - 1/120*r**6 - 1/12*r**4 + 4*r**2 + 1/12*r**5 + 5/6*r**3. Give m(4).
13
Let t(i) = i**3 - 10*i**2 - 11*i - 6. Let u be (308/56)/((-2)/(-4)). What is t(u)?
-6
Let r(l) be the second derivative of -l**5/20 - 7*l**4/12 - 5*l**3/6 + 11*l**2/2 - 126*l. Calculate r(-5).
-14
Let u(s) = -9*s**2 + 27*s - 540. Let i(d) = 4*d**2 - 13*d + 270. Let y(p) = -13*i(p) - 6*u(p). Let v(m) be the first derivative of y(m). Give v(7).
35
Let d(m) be the first derivative of m**5/60 + m**4/24 + 88*m**3/3 - 299. Let y(i) be the third derivative of d(i). Give y(6).
13
Suppose 6*k - 31*k = 8225. Let h = 337 + k. Let u(m) = -3*m**2 + 2 + 0*m - 8*m + 4*m**2. Give u(h).
2
Let m(w) be the first derivative of 8*w**3/3 + w**2/2 + w + 471. What is m(2)?
35
Suppose -4*r + 3*p = 28, r - 12 = -4*p - 0*p. Let c(z) = -z**2 - 3*z + 2. Let y(s) = 2*s**2 + 7*s - 3. Let t(x) = 5*c(x) + 3*y(x). What is t(r)?
-7
Let l(y) be the first derivative of -y**2/2 - 7*y - 1. Suppose a = -k + 3, 0 = -4*a - 7 - 1. Let d(n) = -n - 7. Let m(h) = k*l(h) - 6*d(h). Determine m(-6).
1
Let b(m) = -m**3 - 21*m**2 - 20*m. Let u be b(-20). Let y(f) = -3*f**2 + u*f - f**2 + f + 5*f**2 - 1. Let c = 53 + -52. Calculate y(c).
1
Suppose -4*n - 262 = -274. Let b(z) = -z**2 + n*z + 66 - 2*z**2 - 68 + 2*z**2. What is b(-3)?
-20
Let s(y) = y**2 - 463*y - 504*y + 958*y. Let q = -45 + 52. What is s(q)?
-14
Let r = -351 - -367. Let p be 15/(-6)*(r/(-5))/4. Let f(h) = -4*h**2 + 2*h + 6. Calculate f(p).
-6
Let d(z) = z**3 - 89*z**2 - 101*z + 295. Let w(c) = 14*c**2 - c - 2. Let g(a) = d(a) + 3*w(a). Give g(49).
-5
Let j(b) = 3*b + 1. Let m(c) = -2*c**2 - 127*c - 1. Let f be m(0). Calculate j(f).
-2
Suppose -5*m - 986 = -p, p + 18*m = 17*m + 998. Let w = 995 - p. Let x(v) = -8*v**2 - 2*v + 1. Calculate x(w).
-5
Let o(j) = -j**3 - 7*j**2 - 3*j + 7. Let q(p) = 2*p + 40. Suppose 3*r = -4*i - 98, -5*i - 15*r = -12*r + 121. Let t be q(i). What is o(t)?
-11
Let d(c) = -c**2 - 13*c + 112. Let a be d(6). Let s be 3*(a - 56/(-30))*-5. Let t(l) = 8*l - 1. Determine t(s).
15
Let f(l) be the third derivative of 2/3*l**3 + 3/20*l**5 + 12*l**2 - 1/120*l**6 - 1/12*l**4 + 0*l + 0. Give f(9).
-14
Let w = 141 + -83. Let c = -57 + w. Let d(j) be the second derivative of -4*j**3/3 - j**2/2 + 5*j. Determine d(c).
-9
Let u(l) = -l**3 - 2*l**2 - 3. Let z be u(-3). Let i(m) be the first derivative of 2*m**2 + 9*m + 21951. What is i(z)?
33
Let b(w) = -5*w + 4*w - 12 + 1. Let f be (-1)/5*275 - -49. Determine b(f).
-5
Let s = -83 - -77. Let v(x) = 3*x + 20. Let i be v(s). Let h(n) = -93*n - 4*n**2 + 96*n + 2*n**3 + 0*n**3 - i. Calculate h(2).
4
Let k be (0 - 69/4)*2728/(-93). Let i = -507 + k. Let s(o) = -9*o + 1. Give s(i).
10
Let w(c) = 2*c**2 + 9*c - 6. Let z be w(-5). Suppose 3*t - 11 = -b, 4*t - 4*b + 17 = 5. Let s(j) = j + 11*j**t + 83 - 82 + j**2. Give s(z).
12
Let i(n) = -n**3 + 2*n**2 + 3*n - 5. Let s(r) = -53*r + 1593. Let k be s(30). Calculate i(k).
-5
Let k(h) = 49 + h - 46 + 2*h - 2*h. Suppose 0 = -14*x + 46 - 144. Calculate k(x).
-4
Let w = 1600 - 1594. Let x(l) = -l**3 + 6*l**2 + l. Calculate x(w).
6
Let b(y) = -13*y**2 - y. Let r(x) = -27*x**2 - 2*x + 2. Let g(k) = -7*b(k) + 3*r(k). Let u(w) = -28*w**2 - 2*w - 17. Let i(o) = -17*g(o) - 6*u(o). Give i(-4).
-12
Suppose 4*j + 356 = -5*x + 3076, 3*x - 5*j - 1632 = 0. Let o = x - 543. Let v(s) = 4*s**3 + s. Determine v(o).
5
Let l = 31 + -21. Let u(q) be the first derivative of -q**3/6 + 6*q**2 - 156*q + 30. Let p(j) be the first derivative of u(j). Calculate p(l).
2
Let y(v) be the first derivative of v**2/2 + 2*v + 734. Give y(1).
3
Let b(v) be the second derivative of v**4/12 + 5*v**3 - 7*v**2/2 + 3314*v. What is b(-30)?
-7
Let a(d) = -d**2 + 6*d. Let h(j) = -j**2 + 3*j. Let k be h(3). Suppose 12*o - 38 - 22 = k. What is a(o)?
5
Let v(p) = -486*p + 281*p - 2*p**2 - 70 - 2*p**2 + 3*p**2 + 241*p. Determine v(35).
-35
Let k(w) = 3*w**2 + w. Let u be k(1). Suppose -61*a + 45*a = 16. Let n be (5/(-15))/(u/(a + 25)). Let r(t) = 4*t**2 + t + 1. What is r(n)?
15
Let s be 10/35*11/((-220)/(-350)). Let z(i) be the second derivative of i**4/12 - i**3 + 2*i**2 + 2*i. What is z(s)?
-1
Let b(f) be the second derivative of -f**3/3 - f. Suppose 4*h - 10*h - 222 = 0. Let s = h + 36. Determine b(s).
2
Let c(l) = l + 24. Let b be c(-18). Let m(z) = z - 2. Let t(r) = 8*r - 12. Let p(g) = b*m(g) - t(g). Determine p(1).
-2
Suppose -8838 + 3378 = 1365*a. Let d(x) = x - 1. Let l(y) = 2*y - 9. Let b(o) = 5*d(o) - l(o). Give b(a).
-8
Let l(c) = 3*c**3 - c**2 - 5*c - 1. Let g be (-104)/364*((5 - 3) + 5). Calculate l(g).
-19
Let f be (25/15 - 2) + (-183)/(-9). Suppose -f - 30 = -5*j. Let n(p) = p + 5. Calculate n(j).
15
Let r(l) = -l**3 + 5*l**2 - 3*l + 7. Suppose 5 = -2*n - z + 15, -n = -2*z - 5. What is r(n)?
-8
Let g = 24 + -28. Let q be 24/(3 - -1)*2/g. Let u(h) = 7*h**2 + 15*h**2 + 3*h + 2 - 21*h**2. Determine u(q).
2
Let h(p) = p**3 + 10*p**2 - 17*p + 5. Let z(d) = -2*d**3 - 22*d**2 + 34*d - 10. Let t(s) = 5*h(s) + 3*z(s). Calculate t(-17).
-5
Let m(u) = 3*u + 43. Let i(r) = r + 15. Let h(l) = -8*i(l) + 3*m(l). Let q(k) = 5*k - 109. Let z be q(21). Give h(z).
5
Suppose 5*n = -2*z - 21, -3*z + 26 = -4*n - 0. Let y(p) = -3 + 2*p + 9*p**z + 0*p + 6 - 10*p**2. Let b = 3 + 2. What is y(b)?
-12
Let i(w) be the first derivative of 2*w**3 + 12. Let f be 1 + -8 + (11 - 5). Calculate i(f).
6
Let w(v) be the third derivative of -v**8/6720 + v**7/504 + v**4/24 - 6*v**2. Let z(t) be the second derivative of w(t). Let b be 0 + 17/3 - 18/27. Give z(b).
0
Let y = 128 - 123. Let v(g) = 4 + 4*g**3 + 5*g**3 - 1 - 8*g**3 + 3*g**2 + 3*g - 9*g**2. Determine v(y).
-7
Let y be ((-666)/(-555))/(1/(-5)). Let f(h) = -2*h**2 - 10*h + 3. What is f(y)?
-9
Let x(f) = f**2 + 6*f - 7. Let j be x(-7). Let t(a) = -a + 5. Let l be t(j). Suppose -6*b - 43 - l = 0. Let q(k) = k**2 + 9*k + 3. Give q(b).
-5
Let h be 4/(-26) - (2 + (-14960)/65). Let n = h + -228. Let r(v) = -v**3 + v - 2. Determine r(n).
-2
Let b(l) = -6*l**2 - 12*l + 269. Let f(n) = -n**2 - n + 2. Let t(d) = -b(d) + 5*f(d). Give t(13).
1
Let b(q) = -106*q**2 + 10*q + 13 + 58*q**2 + 19*q**2 + 26*q**2. Determine b(5).
-12
Suppose 16 - 26 = -5*y. Suppose 0 = 2*w + 14 - y. Let i(n) = -n**3 - 2*n + n - 4*n - 7*n**2 - 3. What is i(w)?
-9
Let g(s) = 2*s + 22. Let q be g(-13). Let p(w) be the third derivative of w**5/30 + w**4/4 + 2*w**3/3 + 4*w**2 - 17. Give p(q).
12
Let l(n) be the third derivative of -1/40*n**5 - n + 1/3*n**3 + 1/720*n**6 - 28*n**2 - 1/8*n**4 + 0. Let g(c) be the second derivative of l(c). Give g(6).
3
Let d(c) = -c**3 - 7*c**2 + 4*c - 8. Let b be d(-5). Let v be (-1 - -10)/(-3) + 400/(-5). Let y = b - v. Let j(f) = -f**3 + 5*f**2 - 5*f + 7. Determine j(y).
-18
Let g(j) = 2*j**2 - j**3 - 3*j**3 + 1 - 3*j + j**2. Let z = 168 - 174. Let h be -7*(-12)/210*(-1 - z). Calculate g(h).
-25
Let y(h) = -2*h**3 - 2*h**2 - 9*h - 23. Suppose -46*v - 122 = 31*v - 16*v. Calculate y(v).
3
Let c(h) = h**3 + 6*h**2 + h - 8. Let i be c(-5). Let v(u) = -12 - 2 + 14 - u - i. Suppose 0 = -w + y, 3*w + y + 5 + 15 = 0. Give v(w).
-7
Let x be ((5 - 1) + (-994)/(-355))/((-4)/(-10)). Let w(u) = -u**3 + 17*u**2 - 2*u + 42. Give w(x).
8
Let h(k) = k**2 - 60*k + 99. Suppose -2154 = -60*q - 1326 + 2652. What is h(q)?
-17
Let k(o) = -5*o**3 - 2*o**2 + 1. Let t(m) = -4*m - 1. Suppose -7*w + 1 - 22 = 0. Let x be t(w). Suppose x*a - 14*a - 3 = 0. Determine k(a).
4
Suppose 5*h + 9 + 6 = 0. Let k(g) be the second derivative of g**3/6 - 14643*g. Give k(h).
-3
Let b = -25198 - -25204. Let d(f) = 29*f - 186. Calculate d(b).
-12
Let w = 10236 + -10239. Let d(l) be the second derivative of -l**2 + 1/3*l**3 + 0 + 1/4*l**4 + 1/20*l**5 + l. What is d(w)?
-8
Suppose -s + 17 = -w - 3*w, 2*s - 4 = -2*w. Let a(i) = 4*i - 15 - 14 + 0*i + 33 - 6*i. What is a(s)?
-6
Let x(v) = -5*v + 4. Let j(l) = l**3 